ide 482209442?
False
Is 674 a factor of 179923633?
False
Does 29 divide 254388?
True
Does 37 divide 4301037029?
False
Is 318648616 a multiple of 104?
True
Is 190 a factor of 6344290?
True
Is 71302822 a multiple of 89?
False
Is 6305895 a multiple of 41?
False
Is 749 a factor of 6028701?
True
Is 96957304 a multiple of 40?
False
Does 571 divide 697564062?
False
Does 9 divide 3784950?
True
Is 287228311 a multiple of 17?
True
Is 2048 a factor of 11354112?
True
Is 792823 a multiple of 262?
False
Is 733867056 a multiple of 144?
True
Is 44772721 a multiple of 2245?
False
Is 345 a factor of 554265985?
False
Is 40 a factor of 163053963?
False
Is 17162796 a multiple of 84?
True
Is 12 a factor of 227787156?
True
Does 590 divide 1945730320?
True
Is 11531737 a multiple of 79?
False
Is 17 a factor of 18410506?
False
Is 15761837 a multiple of 21?
False
Does 3172 divide 66726192?
True
Does 14 divide 333073304?
False
Is 1941801636 a multiple of 19?
False
Is 27 a factor of 1933269314?
False
Does 632 divide 138958472?
True
Does 13 divide 2256183?
False
Is 5259562 a multiple of 85?
False
Is 945 a factor of 31989195?
True
Is 1406841597 a multiple of 8?
False
Is 30957729 a multiple of 57?
False
Is 620 a factor of 187074036?
False
Is 276 a factor of 21382386?
False
Is 848 a factor of 901164189?
False
Does 18 divide 49609513?
False
Does 5 divide 912128840?
True
Is 24 a factor of 17533920?
True
Does 69 divide 230185739?
False
Does 20 divide 3643550964?
False
Does 3 divide 31532785?
False
Is 125351032 a multiple of 508?
True
Does 16 divide 23939082?
False
Is 1904091975 a multiple of 15?
True
Is 142 a factor of 17675707?
False
Does 1012 divide 61234096?
True
Does 133 divide 9723896?
True
Is 3785985 a multiple of 176?
False
Does 11 divide 48011783?
False
Does 545 divide 409525535?
True
Is 12 a factor of 1185379801?
False
Is 38199121 a multiple of 10?
False
Does 20 divide 33704133?
False
Is 13 a factor of 6764400?
False
Is 161589012 a multiple of 3354?
True
Is 498606453 a multiple of 12?
False
Is 519681475 a multiple of 241?
False
Is 5059376 a multiple of 51?
False
Does 33 divide 1221206?
False
Is 88234794 a multiple of 9?
True
Does 580 divide 112731120?
True
Does 70 divide 171874418?
False
Is 1771 a factor of 40483289?
True
Is 339 a factor of 824515098?
False
Does 11 divide 221626680?
True
Is 546699868 a multiple of 3128?
False
Does 17 divide 21625904?
True
Is 390361805 a multiple of 2398?
False
Is 3318 a factor of 294850752?
True
Is 75 a factor of 295148193?
False
Is 116892844 a multiple of 2331?
False
Is 45 a factor of 9570510?
True
Does 354 divide 1072063236?
False
Does 204 divide 6253166?
False
Does 3343 divide 50245290?
True
Is 242726376 a multiple of 58?
False
Is 66 a factor of 740454?
True
Is 33 a factor of 14809080?
True
Is 504461720 a multiple of 751?
True
Does 5995 divide 615932295?
True
Does 83 divide 1441065256?
True
Does 864 divide 533366603?
False
Does 1324 divide 1261375141?
False
Is 59604435 a multiple of 12?
False
Does 465 divide 23264880?
True
Is 198 a factor of 384180786?
True
Is 38 a factor of 219951372?
True
Is 558206223 a multiple of 34?
False
Is 58696096 a multiple of 744?
False
Is 35471690 a multiple of 44?
False
Is 100 a factor of 3997848800?
True
Is 53382498 a multiple of 7?
False
Is 4008 a factor of 10957872?
True
Is 42 a factor of 1697227434?
True
Is 33 a factor of 31718215?
False
Does 26 divide 668529784?
True
Is 20767873 a multiple of 372?
False
Is 2599 a factor of 1262537077?
False
Is 6 a factor of 10286778?
True
Is 22850094 a multiple of 92?
False
Is 1781488893 a multiple of 8319?
True
Does 3240 divide 290555435?
False
Is 1503 a factor of 53222443?
False
Is 78467150 a multiple of 19?
True
Does 27 divide 21655350?
True
Is 50 a factor of 191777682?
False
Does 69 divide 20883402?
True
Is 1615031438 a multiple of 263?
False
Is 844 a factor of 10828922?
False
Is 243273076 a multiple of 37?
True
Is 41 a factor of 56627437?
True
Is 55 a factor of 1335010963?
False
Does 461 divide 16448019?
True
Is 70857787 a multiple of 997?
True
Is 2514511532 a multiple of 151?
False
Is 1288365082 a multiple of 298?
False
Does 7 divide 11082556?
False
Is 188390828 a multiple of 3898?
False
Does 2065 divide 65332385?
False
Is 3 a factor of 54081985?
False
Does 1898 divide 1205011008?
False
Is 17 a factor of 43807895?
True
Is 103649403 a multiple of 28?
False
Is 3958479359 a multiple of 41?
False
Is 71 a factor of 11814968?
True
Does 133 divide 176709181?
False
Is 219628752 a multiple of 3?
True
Is 194 a factor of 238847350?
False
Is 7378182473 a multiple of 78?
False
Is 101 a factor of 50585244?
True
Is 450120349 a multiple of 715?
False
Is 45 a factor of 2568755466?
False
Is 28841134 a multiple of 727?
False
Is 2064301096 a multiple of 286?
True
Does 18 divide 8667648?
True
Is 211960373 a multiple of 1068?
False
Does 14 divide 141505714?
True
Is 26121354 a multiple of 49?
False
Is 49550160 a multiple of 20?
True
Does 4 divide 12765304?
True
Is 28 a factor of 29974963?
False
Is 1694181138 a multiple of 82?
False
Is 691777098 a multiple of 27?
True
Is 323 a factor of 318036746?
False
Is 181 a factor of 379587589?
True
Is 6523 a factor of 1738433385?
False
Is 330535225 a multiple of 10?
False
Does 353 divide 2239893476?
False
Is 54979848 a multiple of 22?
True
Is 83774915 a multiple of 5?
True
Is 2637377280 a multiple of 16?
True
Is 327852960 a multiple of 10?
True
Does 812 divide 2659770960?
True
Is 51997126 a multiple of 30?
False
Is 145 a factor of 24825106?
False
Is 5052 a factor of 420250655?
False
Is 2590882 a multiple of 9?
False
Is 2071 a factor of 2745019376?
True
Is 1126919 a multiple of 493?
False
Is 115 a factor of 1861145165?
True
Is 442 a factor of 20667613?
False
Does 17 divide 271678471?
False
Is 1246086765 a multiple of 231?
True
Is 3736737648 a multiple of 249?
False
Is 36 a factor of 1392497634?
False
Is 195914641 a multiple of 436?
False
Is 1454 a factor of 61329720?
True
Is 479 a factor of 100194346?
True
Does 2 divide 18061714?
True
Is 253 a factor of 168038552?
True
Does 123 divide 81526545?
False
Does 1119 divide 33989625?
True
Does 152 divide 1894592431?
False
Is 981 a factor of 135591858?
True
Does 189 divide 841808415?
False
Is 12 a factor of 304615573?
False
Does 149 divide 62185479?
False
Does 3 divide 4896088?
False
Does 1604 divide 408473201?
False
Is 54 a factor of 753307560?
True
Does 15 divide 2257568480?
False
Is 240410504 a multiple of 16?
False
Does 144 divide 20588688?
True
Does 3016 divide 88906197?
False
Is 24114191 a multiple of 7?
False
Does 16 divide 14370976?
True
Is 2640471733 a multiple of 221?
False
Does 48 divide 33790224?
True
Does 384 divide 254088576?
True
Does 439 divide 61968755?
False
Does 52 divide 2732315?
False
Is 2047 a factor of 116081276?
True
Is 905798730 a multiple of 4458?
True
Does 7 divide 526421119?
True
Is 12193080 a multiple of 215?
True
Is 346412076 a multiple of 4?
True
Does 890 divide 1204881614?
False
Is 612792999 a multiple of 5862?
False
Does 163 divide 2010277044?
True
Does 5691 divide 441980133?
True
Is 136599060 a multiple of 438?
True
Is 2074 a factor of 917218204?
True
Is 2 a factor of 10763903?
False
Does 15 divide 7245931185?
True
Does 914 divide 46778520?
True
Is 17 a factor of 45166161?
True
Is 553 a factor of 3121949356?
False
Is 14 a factor of 443552886?
True
Is 373 a factor of 22265862?
True
Is 122769397 a multiple of 13?
False
Is 45267300 a multiple of 1825?
True
Is 4565235 a multiple of 5?
True
Is 2 a factor of 139991525?
False
Is 565 a factor of 2032727055?
True
Is 95084280 a multiple of 10?
True
Does 4200 divide 117314332?
False
Is 20 a factor of 5930067780?
True
Does 10 divide 1545396530?
True
Does 38 divide 165167760?
True
Is 1447418 a multiple of 67?
False
Does 14 divide 33197626?
True
Is 54 a factor of 999500395?
False
Does 45 divide 41596965?
True
Is 51 a factor of 9556788?
True
Is 2075 a factor of 3954988768?
False
Is 49140433 a multiple of 2424?
False
Is 29 a factor of 9575046?
True
Is 3166 a factor of 1247209463?
False
Is 2150868 a multiple of 6?
True
Is 784 a factor of 1082361392?
True
Is 981071072 a multiple of 23?
True
Is 11 a factor of 66781517?
True
Is 1235 a factor of 1424242755?
True
Is 364417596 a multiple of 174?
True
Is 27193446 a multiple of 114?
True
Is